{"id":73277,"date":"2024-04-26T16:20:32","date_gmt":"2024-04-26T20:20:32","guid":{"rendered":"https:\/\/lamaisonnee.org\/?post_type=events&#038;p=73277"},"modified":"2026-04-28T13:21:18","modified_gmt":"2026-04-28T17:21:18","slug":"salon-immigration-integration","status":"publish","type":"events","link":"https:\/\/lamaisonnee.org\/fr\/events\/salon-immigration-integration\/","title":{"rendered":"Salon de l\u2019immigration et de l\u2019int\u00e9gration au Qu\u00e9bec (SIIQ)"},"template":"","meta":{"_acf_changed":false},"cat_events":[28,23],"class_list":["post-73277","events","type-events","status-publish","hentry","cat_events-aide-a-lemploi","cat_events-immigration-installation"],"acf":{"intro":"Ce mois-ci venez nous voir au Salon de l\u2019immigration et de l\u2019int\u00e9gration au Qu\u00e9bec !\r\n","type":"recurrent_oneshot","dates":{"dates":[{"date":"20240529"},{"date":"20240530"},{"date":"20241119"},{"date":"20241118"},{"date":"20250514"},{"date":"20250515"},{"date":"20251029"},{"date":"20251030"},{"date":"20260527"},{"date":"20260528"}],"text":"Rejoignez-nous aux \u00e9v\u00e8nements !"},"horaire":"Toute la journ\u00e9e","place":"notonline","address":"Palais des congr\u00e8s de Montr\u00e9al, Metro Place-d'Armes","price":"0","show_form":true,"description":"<div class=\"\" dir=\"auto\">\n<div id=\":rv:\" class=\"x1iorvi4 x1pi30zi x1swvt13 xjkvuk6\" data-ad-comet-preview=\"message\" data-ad-preview=\"message\">\n<div class=\"x78zum5 xdt5ytf xz62fqu x16ldp7u\">\n<div class=\"xu06os2 x1ok221b\">\n<div dir=\"auto\">\n<p dir=\"auto\">Rejoignez-nous pour le Salon de l\u2019immigration et de l\u2019int\u00e9gration au Qu\u00e9bec le 27 et 28 mai 2026 !<\/p>\n<p>&nbsp;<\/p>\n<p>C\u2019est une belle occasion d\u2019\u00e9changer, de d\u00e9couvrir nos services et de poser toutes vos questions sur l\u2019installation, l\u2019emploi ou la vie au Qu\u00e9bec. Nous avons h\u00e2te de vous y voir !<br \/>\nCet \u00e9v\u00e9nement dynamique offre une occasion unique de d\u00e9couvrir de nouvelles opportunit\u00e9s professionnelles et d&rsquo;explorer des possibilit\u00e9s pour favoriser votre int\u00e9gration et votre immigration au Qu\u00e9bec.<br \/>\nNous vous pr\u00e9senterons les opportunit\u00e9s d&#8217;emploi et de placement, ainsi que les services d&rsquo;aide \u00e0 l&rsquo;int\u00e9gration que La Maisonn\u00e9e peut vous offrir \u00e0 travers nos divers projets de loisirs, de cours de langues, d&rsquo;int\u00e9gration, et plus encore. Nous offrons \u00e9galement deux conf\u00e9rences in\u00e9dites gratuites sur place, rejoignez-vous !<\/p>\n<p>&nbsp;<\/p>\n<p>&nbsp;<\/p>\n<p><span style=\"text-decoration: underline;\"><strong>Ateliers offerts dans les espaces participatifs :<\/strong><\/span><\/p>\n<p>&nbsp;<\/p>\n<ul>\n<li>Espace participatif, d\u00e9couvrez notre atelier interactif : Les questions d\u2019entrevues d\u2019embauches (virtuelles et pr\u00e9sentielles) pr\u00e9sent\u00e9e par Mireille Mirambeau \u00e0 14h le 28 mai<\/li>\n<\/ul>\n<\/div>\n<\/div>\n<\/div>\n<p>&nbsp;<\/p>\n<\/div>\n<\/div>\n<div dir=\"auto\">\n<div class=\"xu06os2 x1ok221b\">\n<div class=\"xdj266r x11i5rnm xat24cr x1mh8g0r x1vvkbs x126k92a\">\n<div dir=\"auto\"><\/div>\n<\/div>\n<\/div>\n<\/div>\n<div class=\"\" dir=\"auto\">\n<div id=\":rv:\" class=\"x1iorvi4 x1pi30zi x1swvt13 xjkvuk6\" data-ad-comet-preview=\"message\" data-ad-preview=\"message\">\n<div class=\"x78zum5 xdt5ytf xz62fqu x16ldp7u\">\n<div class=\"xu06os2 x1ok221b\">\n<div class=\"x11i5rnm xat24cr x1mh8g0r x1vvkbs xtlvy1s x126k92a\">\n<div dir=\"auto\"><\/div>\n<\/div>\n<\/div>\n<\/div>\n<\/div>\n<\/div>\n","admi":false,"equipment":"","image":"https:\/\/lamaisonnee.org\/wp-content\/uploads\/2024\/04\/Employabilite-914.png","level":false,"service":"https:\/\/lamaisonnee.org\/fr\/services\/placement-en-emploi-orientation\/"},"yoast_head":"<!-- This site is optimized with the Yoast SEO plugin v26.4 - https:\/\/yoast.com\/wordpress\/plugins\/seo\/ -->\n<title>Salon de l\u2019immigration et de l\u2019int\u00e9gration au Qu\u00e9bec (SIIQ) - La Maisonn\u00e9e<\/title>\n<meta name=\"description\" content=\"Venez au Salon de l\u2019immigration et de l\u2019int\u00e9gration au Qu\u00e9bec ! Nous vous attendons nombreux pour d\u00e9couvrir nos services gratuits !\" \/>\n<meta name=\"robots\" content=\"index, follow, max-snippet:-1, max-image-preview:large, max-video-preview:-1\" \/>\n<link rel=\"canonical\" href=\"https:\/\/lamaisonnee.org\/fr\/events\/salon-immigration-integration\/\" \/>\n<meta property=\"og:locale\" content=\"fr_FR\" \/>\n<meta property=\"og:type\" content=\"article\" \/>\n<meta property=\"og:title\" content=\"Salon de l\u2019immigration et de l\u2019int\u00e9gration au Qu\u00e9bec (SIIQ) - La Maisonn\u00e9e\" \/>\n<meta property=\"og:description\" content=\"Venez au Salon de l\u2019immigration et de l\u2019int\u00e9gration au Qu\u00e9bec ! Nous vous attendons nombreux pour d\u00e9couvrir nos services gratuits !\" \/>\n<meta property=\"og:url\" content=\"https:\/\/lamaisonnee.org\/fr\/events\/salon-immigration-integration\/\" \/>\n<meta property=\"og:site_name\" content=\"La Maisonn\u00e9e\" \/>\n<meta property=\"article:modified_time\" content=\"2026-04-28T17:21:18+00:00\" \/>\n<meta name=\"twitter:card\" content=\"summary_large_image\" \/>\n<script type=\"application\/ld+json\" class=\"yoast-schema-graph\">{\"@context\":\"https:\/\/schema.org\",\"@graph\":[{\"@type\":\"WebPage\",\"@id\":\"https:\/\/lamaisonnee.org\/fr\/events\/salon-immigration-integration\/\",\"url\":\"https:\/\/lamaisonnee.org\/fr\/events\/salon-immigration-integration\/\",\"name\":\"Salon de l\u2019immigration et de l\u2019int\u00e9gration au Qu\u00e9bec (SIIQ) - La Maisonn\u00e9e\",\"isPartOf\":{\"@id\":\"https:\/\/lamaisonnee.org\/fr\/#website\"},\"datePublished\":\"2024-04-26T20:20:32+00:00\",\"dateModified\":\"2026-04-28T17:21:18+00:00\",\"description\":\"Venez au Salon de l\u2019immigration et de l\u2019int\u00e9gration au Qu\u00e9bec ! Nous vous attendons nombreux pour d\u00e9couvrir nos services gratuits !\",\"breadcrumb\":{\"@id\":\"https:\/\/lamaisonnee.org\/fr\/events\/salon-immigration-integration\/#breadcrumb\"},\"inLanguage\":\"fr-FR\",\"potentialAction\":[{\"@type\":\"ReadAction\",\"target\":[\"https:\/\/lamaisonnee.org\/fr\/events\/salon-immigration-integration\/\"]}]},{\"@type\":\"BreadcrumbList\",\"@id\":\"https:\/\/lamaisonnee.org\/fr\/events\/salon-immigration-integration\/#breadcrumb\",\"itemListElement\":[{\"@type\":\"ListItem\",\"position\":1,\"name\":\"Accueil\",\"item\":\"https:\/\/lamaisonnee.org\/fr\/\"},{\"@type\":\"ListItem\",\"position\":2,\"name\":\"Salon de l\u2019immigration et de l\u2019int\u00e9gration au Qu\u00e9bec (SIIQ)\"}]},{\"@type\":\"WebSite\",\"@id\":\"https:\/\/lamaisonnee.org\/fr\/#website\",\"url\":\"https:\/\/lamaisonnee.org\/fr\/\",\"name\":\"La Maisonn\u00e9e\",\"description\":\"Aide aux immigrants\",\"potentialAction\":[{\"@type\":\"SearchAction\",\"target\":{\"@type\":\"EntryPoint\",\"urlTemplate\":\"https:\/\/lamaisonnee.org\/fr\/?s={search_term_string}\"},\"query-input\":{\"@type\":\"PropertyValueSpecification\",\"valueRequired\":true,\"valueName\":\"search_term_string\"}}],\"inLanguage\":\"fr-FR\"}]}<\/script>\n<!-- \/ Yoast SEO plugin. -->","yoast_head_json":{"title":"Salon de l\u2019immigration et de l\u2019int\u00e9gration au Qu\u00e9bec (SIIQ) - La Maisonn\u00e9e","description":"Venez au Salon de l\u2019immigration et de l\u2019int\u00e9gration au Qu\u00e9bec ! Nous vous attendons nombreux pour d\u00e9couvrir nos services gratuits !","robots":{"index":"index","follow":"follow","max-snippet":"max-snippet:-1","max-image-preview":"max-image-preview:large","max-video-preview":"max-video-preview:-1"},"canonical":"https:\/\/lamaisonnee.org\/fr\/events\/salon-immigration-integration\/","og_locale":"fr_FR","og_type":"article","og_title":"Salon de l\u2019immigration et de l\u2019int\u00e9gration au Qu\u00e9bec (SIIQ) - La Maisonn\u00e9e","og_description":"Venez au Salon de l\u2019immigration et de l\u2019int\u00e9gration au Qu\u00e9bec ! Nous vous attendons nombreux pour d\u00e9couvrir nos services gratuits !","og_url":"https:\/\/lamaisonnee.org\/fr\/events\/salon-immigration-integration\/","og_site_name":"La Maisonn\u00e9e","article_modified_time":"2026-04-28T17:21:18+00:00","twitter_card":"summary_large_image","schema":{"@context":"https:\/\/schema.org","@graph":[{"@type":"WebPage","@id":"https:\/\/lamaisonnee.org\/fr\/events\/salon-immigration-integration\/","url":"https:\/\/lamaisonnee.org\/fr\/events\/salon-immigration-integration\/","name":"Salon de l\u2019immigration et de l\u2019int\u00e9gration au Qu\u00e9bec (SIIQ) - La Maisonn\u00e9e","isPartOf":{"@id":"https:\/\/lamaisonnee.org\/fr\/#website"},"datePublished":"2024-04-26T20:20:32+00:00","dateModified":"2026-04-28T17:21:18+00:00","description":"Venez au Salon de l\u2019immigration et de l\u2019int\u00e9gration au Qu\u00e9bec ! Nous vous attendons nombreux pour d\u00e9couvrir nos services gratuits !","breadcrumb":{"@id":"https:\/\/lamaisonnee.org\/fr\/events\/salon-immigration-integration\/#breadcrumb"},"inLanguage":"fr-FR","potentialAction":[{"@type":"ReadAction","target":["https:\/\/lamaisonnee.org\/fr\/events\/salon-immigration-integration\/"]}]},{"@type":"BreadcrumbList","@id":"https:\/\/lamaisonnee.org\/fr\/events\/salon-immigration-integration\/#breadcrumb","itemListElement":[{"@type":"ListItem","position":1,"name":"Accueil","item":"https:\/\/lamaisonnee.org\/fr\/"},{"@type":"ListItem","position":2,"name":"Salon de l\u2019immigration et de l\u2019int\u00e9gration au Qu\u00e9bec (SIIQ)"}]},{"@type":"WebSite","@id":"https:\/\/lamaisonnee.org\/fr\/#website","url":"https:\/\/lamaisonnee.org\/fr\/","name":"La Maisonn\u00e9e","description":"Aide aux immigrants","potentialAction":[{"@type":"SearchAction","target":{"@type":"EntryPoint","urlTemplate":"https:\/\/lamaisonnee.org\/fr\/?s={search_term_string}"},"query-input":{"@type":"PropertyValueSpecification","valueRequired":true,"valueName":"search_term_string"}}],"inLanguage":"fr-FR"}]}},"_links":{"self":[{"href":"https:\/\/lamaisonnee.org\/fr\/wp-json\/wp\/v2\/events\/73277","targetHints":{"allow":["GET"]}}],"collection":[{"href":"https:\/\/lamaisonnee.org\/fr\/wp-json\/wp\/v2\/events"}],"about":[{"href":"https:\/\/lamaisonnee.org\/fr\/wp-json\/wp\/v2\/types\/events"}],"wp:attachment":[{"href":"https:\/\/lamaisonnee.org\/fr\/wp-json\/wp\/v2\/media?parent=73277"}],"wp:term":[{"taxonomy":"cat_events","embeddable":true,"href":"https:\/\/lamaisonnee.org\/fr\/wp-json\/wp\/v2\/cat_events?post=73277"}],"curies":[{"name":"wp","href":"https:\/\/api.w.org\/{rel}","templated":true}]}}

Salon de l’immigration et de l’intégration au Québec (SIIQ)

Ce mois-ci venez nous voir au Salon de l’immigration et de l’intégration au Québec !

Rejoignez-nous aux évènements !

Toute la journée

Palais des congrès de Montréal, Metro Place-d'Armes

<div class="" dir="auto">
<div id=":rv:" class="x1iorvi4 x1pi30zi x1swvt13 xjkvuk6" data-ad-comet-preview="message" data-ad-preview="message">
<div class="x78zum5 xdt5ytf xz62fqu x16ldp7u">
<div class="xu06os2 x1ok221b">
<div dir="auto">
<p dir="auto">Rejoignez-nous pour le Salon de l’immigration et de l’intégration au Québec le 27 et 28 mai 2026 !</p>
<p>&nbsp;</p>
<p>C’est une belle occasion d’échanger, de découvrir nos services et de poser toutes vos questions sur l’installation, l’emploi ou la vie au Québec. Nous avons hâte de vous y voir !<br />
Cet événement dynamique offre une occasion unique de découvrir de nouvelles opportunités professionnelles et d&rsquo;explorer des possibilités pour favoriser votre intégration et votre immigration au Québec.<br />
Nous vous présenterons les opportunités d&#8217;emploi et de placement, ainsi que les services d&rsquo;aide à l&rsquo;intégration que La Maisonnée peut vous offrir à travers nos divers projets de loisirs, de cours de langues, d&rsquo;intégration, et plus encore. Nous offrons également deux conférences inédites gratuites sur place, rejoignez-vous !</p>
<p>&nbsp;</p>
<p>&nbsp;</p>
<p><span style="text-decoration: underline;"><strong>Ateliers offerts dans les espaces participatifs :</strong></span></p>
<p>&nbsp;</p>
<ul>
<li>Espace participatif, découvrez notre atelier interactif : Les questions d’entrevues d’embauches (virtuelles et présentielles) présentée par Mireille Mirambeau à 14h le 28 mai</li>
</ul>
</div>
</div>
</div>
<p>&nbsp;</p>
</div>
</div>
<div dir="auto">
<div class="xu06os2 x1ok221b">
<div class="xdj266r x11i5rnm xat24cr x1mh8g0r x1vvkbs x126k92a">
<div dir="auto"></div>
</div>
</div>
</div>
<div class="" dir="auto">
<div id=":rv:" class="x1iorvi4 x1pi30zi x1swvt13 xjkvuk6" data-ad-comet-preview="message" data-ad-preview="message">
<div class="x78zum5 xdt5ytf xz62fqu x16ldp7u">
<div class="xu06os2 x1ok221b">
<div class="x11i5rnm xat24cr x1mh8g0r x1vvkbs xtlvy1s x126k92a">
<div dir="auto"></div>
</div>
</div>
</div>
</div>
</div>

<!-- This site is optimized with the Yoast SEO plugin v26.4 - https://yoast.com/wordpress/plugins/seo/ -->
<title>Salon de l’immigration et de l’intégration au Québec (SIIQ) - La Maisonnée</title>
<meta name="description" content="Venez au Salon de l’immigration et de l’intégration au Québec ! Nous vous attendons nombreux pour découvrir nos services gratuits !" />
<meta name="robots" content="index, follow, max-snippet:-1, max-image-preview:large, max-video-preview:-1" />
<link rel="canonical" href="https://lamaisonnee.org/fr/events/salon-immigration-integration/" />
<meta property="og:locale" content="fr_FR" />
<meta property="og:type" content="article" />
<meta property="og:title" content="Salon de l’immigration et de l’intégration au Québec (SIIQ) - La Maisonnée" />
<meta property="og:description" content="Venez au Salon de l’immigration et de l’intégration au Québec ! Nous vous attendons nombreux pour découvrir nos services gratuits !" />
<meta property="og:url" content="https://lamaisonnee.org/fr/events/salon-immigration-integration/" />
<meta property="og:site_name" content="La Maisonnée" />
<meta property="article:modified_time" content="2026-04-28T17:21:18+00:00" />
<meta name="twitter:card" content="summary_large_image" />
<script type="application/ld+json" class="yoast-schema-graph">{"@context":"https://schema.org","@graph":[{"@type":"WebPage","@id":"https://lamaisonnee.org/fr/events/salon-immigration-integration/","url":"https://lamaisonnee.org/fr/events/salon-immigration-integration/","name":"Salon de l’immigration et de l’intégration au Québec (SIIQ) - La Maisonnée","isPartOf":{"@id":"https://lamaisonnee.org/fr/#website"},"datePublished":"2024-04-26T20:20:32+00:00","dateModified":"2026-04-28T17:21:18+00:00","description":"Venez au Salon de l’immigration et de l’intégration au Québec ! Nous vous attendons nombreux pour découvrir nos services gratuits !","breadcrumb":{"@id":"https://lamaisonnee.org/fr/events/salon-immigration-integration/#breadcrumb"},"inLanguage":"fr-FR","potentialAction":[{"@type":"ReadAction","target":["https://lamaisonnee.org/fr/events/salon-immigration-integration/"]}]},{"@type":"BreadcrumbList","@id":"https://lamaisonnee.org/fr/events/salon-immigration-integration/#breadcrumb","itemListElement":[{"@type":"ListItem","position":1,"name":"Accueil","item":"https://lamaisonnee.org/fr/"},{"@type":"ListItem","position":2,"name":"Salon de l’immigration et de l’intégration au Québec (SIIQ)"}]},{"@type":"WebSite","@id":"https://lamaisonnee.org/fr/#website","url":"https://lamaisonnee.org/fr/","name":"La Maisonnée","description":"Aide aux immigrants","potentialAction":[{"@type":"SearchAction","target":{"@type":"EntryPoint","urlTemplate":"https://lamaisonnee.org/fr/?s={search_term_string}"},"query-input":{"@type":"PropertyValueSpecification","valueRequired":true,"valueName":"search_term_string"}}],"inLanguage":"fr-FR"}]}</script>
<!-- / Yoast SEO plugin. -->

Salon de l’immigration et de l’intégration au Québec (SIIQ) - La Maisonnée

Venez au Salon de l’immigration et de l’intégration au Québec ! Nous vous attendons nombreux pour découvrir nos services gratuits !

La Maisonnée
