{"id":4113,"date":"2023-09-28T14:17:05","date_gmt":"2023-09-28T18:17:05","guid":{"rendered":"https:\/\/lamaisonnee.org\/?post_type=events&#038;p=4113"},"modified":"2024-04-19T16:27:32","modified_gmt":"2024-04-19T20:27:32","slug":"systeme-scolaire-quebec","status":"publish","type":"events","link":"https:\/\/lamaisonnee.org\/fr\/events\/systeme-scolaire-quebec\/","title":{"rendered":"Les m\u00e9tiers de l&rsquo;enseignement au Qu\u00e9bec"},"template":"","meta":{"_acf_changed":false},"cat_events":[28],"class_list":["post-4113","events","type-events","status-publish","hentry","cat_events-aide-a-lemploi"],"acf":{"intro":"Cet atelier vous permettra de vous familiariser avec l'\u00e9ducation et le syst\u00e8me scolaire au Qu\u00e9bec et vous apprendra comment acc\u00e9der aux professions enseignantes au Qu\u00e9bec!","date":"20230608","horaire":"\u00c0 14h","place":"online","price":"0","form":"","description":"<ul>\n<li>Vous \u00eates en recherche d&#8217;emploi ou en reconversion professionnelle ?<\/li>\n<li>Le secteur de l&rsquo;\u00e9ducation vous int\u00e9resse, mais vous ne savez pas quelle formation suivre ni quelles sont les conditions pour travailler dans le corps enseignant au Qu\u00e9bec ?<\/li>\n<li>Vous \u00eates un enseignant form\u00e9 \u00e0 l&rsquo;ext\u00e9rieur du Canada et vous d\u00e9sirez conna\u00eetre les conditions et la marche \u00e0 suivre pour faire une demande de permis d&rsquo;enseigner?<\/li>\n<li>Vous chercher des opportunit\u00e9s de travail dans le secteur scolaire ?<\/li>\n<\/ul>\n<p>Cet atelier est l\u00e0 pour r\u00e9pondre \u00e0 toutes ces questions et plus encore !<\/p>\n<p>&nbsp;<\/p>\n<p><em><strong>Vous recevrez le lien ZOOM par email la veille de l&rsquo;\u00e9v\u00e9nement, v\u00e9rifier vos courriers ind\u00e9sirables\/spams.<\/strong><\/em><\/p>\n<p><em>Pour plus d&rsquo;informations, contactez <a href=\"mailto:ghiles.belkebir@lamaisonnee.org\">ghiles.belkebir@lamaisonnee.org<\/a> ou par t\u00e9l\u00e9phone (514) 271-3533<\/em><\/p>\n","admi":false,"equipment":"Ordinateur et internet","image":"https:\/\/lamaisonnee.org\/wp-content\/uploads\/2023\/09\/pexels-mio-advincula-5299833-scaled.jpg","service":"https:\/\/lamaisonnee.org\/fr\/services\/travailler-au-quebec\/","type":"recurrent_oneshot","level":false,"dates":{"dates":[{"date":"20231018"},{"date":"20240402"}],"text":"Ponctuel"},"show_form":false},"yoast_head":"<!-- This site is optimized with the Yoast SEO plugin v26.4 - https:\/\/yoast.com\/wordpress\/plugins\/seo\/ -->\n<title>Les m\u00e9tiers de l&#039;enseignement au Qu\u00e9bec - La Maisonn\u00e9e<\/title>\n<meta name=\"description\" content=\"D\u00e9couvrez l&#039;\u00e9ducation et le syst\u00e8me scolaire au Qu\u00e9bec, nous vous apprendrons comment acc\u00e9der aux professions enseignantes au Qu\u00e9bec!\" \/>\n<meta name=\"robots\" content=\"index, follow, max-snippet:-1, max-image-preview:large, max-video-preview:-1\" \/>\n<link rel=\"canonical\" href=\"https:\/\/lamaisonnee.org\/fr\/events\/systeme-scolaire-quebec\/\" \/>\n<meta property=\"og:locale\" content=\"fr_FR\" \/>\n<meta property=\"og:type\" content=\"article\" \/>\n<meta property=\"og:title\" content=\"Les m\u00e9tiers de l&#039;enseignement au Qu\u00e9bec - La Maisonn\u00e9e\" \/>\n<meta property=\"og:description\" content=\"D\u00e9couvrez l&#039;\u00e9ducation et le syst\u00e8me scolaire au Qu\u00e9bec, nous vous apprendrons comment acc\u00e9der aux professions enseignantes au Qu\u00e9bec!\" \/>\n<meta property=\"og:url\" content=\"https:\/\/lamaisonnee.org\/fr\/events\/systeme-scolaire-quebec\/\" \/>\n<meta property=\"og:site_name\" content=\"La Maisonn\u00e9e\" \/>\n<meta property=\"article:modified_time\" content=\"2024-04-19T20:27:32+00:00\" \/>\n<meta name=\"twitter:card\" content=\"summary_large_image\" \/>\n<script type=\"application\/ld+json\" class=\"yoast-schema-graph\">{\"@context\":\"https:\/\/schema.org\",\"@graph\":[{\"@type\":\"WebPage\",\"@id\":\"https:\/\/lamaisonnee.org\/fr\/events\/systeme-scolaire-quebec\/\",\"url\":\"https:\/\/lamaisonnee.org\/fr\/events\/systeme-scolaire-quebec\/\",\"name\":\"Les m\u00e9tiers de l'enseignement au Qu\u00e9bec - La Maisonn\u00e9e\",\"isPartOf\":{\"@id\":\"https:\/\/lamaisonnee.org\/fr\/#website\"},\"datePublished\":\"2023-09-28T18:17:05+00:00\",\"dateModified\":\"2024-04-19T20:27:32+00:00\",\"description\":\"D\u00e9couvrez l'\u00e9ducation et le syst\u00e8me scolaire au Qu\u00e9bec, nous vous apprendrons comment acc\u00e9der aux professions enseignantes au Qu\u00e9bec!\",\"breadcrumb\":{\"@id\":\"https:\/\/lamaisonnee.org\/fr\/events\/systeme-scolaire-quebec\/#breadcrumb\"},\"inLanguage\":\"fr-FR\",\"potentialAction\":[{\"@type\":\"ReadAction\",\"target\":[\"https:\/\/lamaisonnee.org\/fr\/events\/systeme-scolaire-quebec\/\"]}]},{\"@type\":\"BreadcrumbList\",\"@id\":\"https:\/\/lamaisonnee.org\/fr\/events\/systeme-scolaire-quebec\/#breadcrumb\",\"itemListElement\":[{\"@type\":\"ListItem\",\"position\":1,\"name\":\"Accueil\",\"item\":\"https:\/\/lamaisonnee.org\/fr\/\"},{\"@type\":\"ListItem\",\"position\":2,\"name\":\"Les m\u00e9tiers de l&rsquo;enseignement au Qu\u00e9bec\"}]},{\"@type\":\"WebSite\",\"@id\":\"https:\/\/lamaisonnee.org\/fr\/#website\",\"url\":\"https:\/\/lamaisonnee.org\/fr\/\",\"name\":\"La Maisonn\u00e9e\",\"description\":\"Aide aux immigrants\",\"potentialAction\":[{\"@type\":\"SearchAction\",\"target\":{\"@type\":\"EntryPoint\",\"urlTemplate\":\"https:\/\/lamaisonnee.org\/fr\/?s={search_term_string}\"},\"query-input\":{\"@type\":\"PropertyValueSpecification\",\"valueRequired\":true,\"valueName\":\"search_term_string\"}}],\"inLanguage\":\"fr-FR\"}]}<\/script>\n<!-- \/ Yoast SEO plugin. -->","yoast_head_json":{"title":"Les m\u00e9tiers de l'enseignement au Qu\u00e9bec - La Maisonn\u00e9e","description":"D\u00e9couvrez l'\u00e9ducation et le syst\u00e8me scolaire au Qu\u00e9bec, nous vous apprendrons comment acc\u00e9der aux professions enseignantes au Qu\u00e9bec!","robots":{"index":"index","follow":"follow","max-snippet":"max-snippet:-1","max-image-preview":"max-image-preview:large","max-video-preview":"max-video-preview:-1"},"canonical":"https:\/\/lamaisonnee.org\/fr\/events\/systeme-scolaire-quebec\/","og_locale":"fr_FR","og_type":"article","og_title":"Les m\u00e9tiers de l'enseignement au Qu\u00e9bec - La Maisonn\u00e9e","og_description":"D\u00e9couvrez l'\u00e9ducation et le syst\u00e8me scolaire au Qu\u00e9bec, nous vous apprendrons comment acc\u00e9der aux professions enseignantes au Qu\u00e9bec!","og_url":"https:\/\/lamaisonnee.org\/fr\/events\/systeme-scolaire-quebec\/","og_site_name":"La Maisonn\u00e9e","article_modified_time":"2024-04-19T20:27:32+00:00","twitter_card":"summary_large_image","schema":{"@context":"https:\/\/schema.org","@graph":[{"@type":"WebPage","@id":"https:\/\/lamaisonnee.org\/fr\/events\/systeme-scolaire-quebec\/","url":"https:\/\/lamaisonnee.org\/fr\/events\/systeme-scolaire-quebec\/","name":"Les m\u00e9tiers de l'enseignement au Qu\u00e9bec - La Maisonn\u00e9e","isPartOf":{"@id":"https:\/\/lamaisonnee.org\/fr\/#website"},"datePublished":"2023-09-28T18:17:05+00:00","dateModified":"2024-04-19T20:27:32+00:00","description":"D\u00e9couvrez l'\u00e9ducation et le syst\u00e8me scolaire au Qu\u00e9bec, nous vous apprendrons comment acc\u00e9der aux professions enseignantes au Qu\u00e9bec!","breadcrumb":{"@id":"https:\/\/lamaisonnee.org\/fr\/events\/systeme-scolaire-quebec\/#breadcrumb"},"inLanguage":"fr-FR","potentialAction":[{"@type":"ReadAction","target":["https:\/\/lamaisonnee.org\/fr\/events\/systeme-scolaire-quebec\/"]}]},{"@type":"BreadcrumbList","@id":"https:\/\/lamaisonnee.org\/fr\/events\/systeme-scolaire-quebec\/#breadcrumb","itemListElement":[{"@type":"ListItem","position":1,"name":"Accueil","item":"https:\/\/lamaisonnee.org\/fr\/"},{"@type":"ListItem","position":2,"name":"Les m\u00e9tiers de l&rsquo;enseignement au Qu\u00e9bec"}]},{"@type":"WebSite","@id":"https:\/\/lamaisonnee.org\/fr\/#website","url":"https:\/\/lamaisonnee.org\/fr\/","name":"La Maisonn\u00e9e","description":"Aide aux immigrants","potentialAction":[{"@type":"SearchAction","target":{"@type":"EntryPoint","urlTemplate":"https:\/\/lamaisonnee.org\/fr\/?s={search_term_string}"},"query-input":{"@type":"PropertyValueSpecification","valueRequired":true,"valueName":"search_term_string"}}],"inLanguage":"fr-FR"}]}},"_links":{"self":[{"href":"https:\/\/lamaisonnee.org\/fr\/wp-json\/wp\/v2\/events\/4113","targetHints":{"allow":["GET"]}}],"collection":[{"href":"https:\/\/lamaisonnee.org\/fr\/wp-json\/wp\/v2\/events"}],"about":[{"href":"https:\/\/lamaisonnee.org\/fr\/wp-json\/wp\/v2\/types\/events"}],"wp:attachment":[{"href":"https:\/\/lamaisonnee.org\/fr\/wp-json\/wp\/v2\/media?parent=4113"}],"wp:term":[{"taxonomy":"cat_events","embeddable":true,"href":"https:\/\/lamaisonnee.org\/fr\/wp-json\/wp\/v2\/cat_events?post=4113"}],"curies":[{"name":"wp","href":"https:\/\/api.w.org\/{rel}","templated":true}]}}

Les métiers de l&rsquo;enseignement au Québec

Cet atelier vous permettra de vous familiariser avec l'éducation et le système scolaire au Québec et vous apprendra comment accéder aux professions enseignantes au Québec!

À 14h

<ul>
<li>Vous êtes en recherche d&#8217;emploi ou en reconversion professionnelle ?</li>
<li>Le secteur de l&rsquo;éducation vous intéresse, mais vous ne savez pas quelle formation suivre ni quelles sont les conditions pour travailler dans le corps enseignant au Québec ?</li>
<li>Vous êtes un enseignant formé à l&rsquo;extérieur du Canada et vous désirez connaître les conditions et la marche à suivre pour faire une demande de permis d&rsquo;enseigner?</li>
<li>Vous chercher des opportunités de travail dans le secteur scolaire ?</li>
</ul>
<p>Cet atelier est là pour répondre à toutes ces questions et plus encore !</p>
<p>&nbsp;</p>
<p><em><strong>Vous recevrez le lien ZOOM par email la veille de l&rsquo;événement, vérifier vos courriers indésirables/spams.</strong></em></p>
<p><em>Pour plus d&rsquo;informations, contactez <a href="mailto:ghiles.belkebir@lamaisonnee.org">ghiles.belkebir@lamaisonnee.org</a> ou par téléphone (514) 271-3533</em></p>

<!-- This site is optimized with the Yoast SEO plugin v26.4 - https://yoast.com/wordpress/plugins/seo/ -->
<title>Les métiers de l&#039;enseignement au Québec - La Maisonnée</title>
<meta name="description" content="Découvrez l&#039;éducation et le système scolaire au Québec, nous vous apprendrons comment accéder aux professions enseignantes au Québec!" />
<meta name="robots" content="index, follow, max-snippet:-1, max-image-preview:large, max-video-preview:-1" />
<link rel="canonical" href="https://lamaisonnee.org/fr/events/systeme-scolaire-quebec/" />
<meta property="og:locale" content="fr_FR" />
<meta property="og:type" content="article" />
<meta property="og:title" content="Les métiers de l&#039;enseignement au Québec - La Maisonnée" />
<meta property="og:description" content="Découvrez l&#039;éducation et le système scolaire au Québec, nous vous apprendrons comment accéder aux professions enseignantes au Québec!" />
<meta property="og:url" content="https://lamaisonnee.org/fr/events/systeme-scolaire-quebec/" />
<meta property="og:site_name" content="La Maisonnée" />
<meta property="article:modified_time" content="2024-04-19T20:27:32+00:00" />
<meta name="twitter:card" content="summary_large_image" />
<script type="application/ld+json" class="yoast-schema-graph">{"@context":"https://schema.org","@graph":[{"@type":"WebPage","@id":"https://lamaisonnee.org/fr/events/systeme-scolaire-quebec/","url":"https://lamaisonnee.org/fr/events/systeme-scolaire-quebec/","name":"Les métiers de l'enseignement au Québec - La Maisonnée","isPartOf":{"@id":"https://lamaisonnee.org/fr/#website"},"datePublished":"2023-09-28T18:17:05+00:00","dateModified":"2024-04-19T20:27:32+00:00","description":"Découvrez l'éducation et le système scolaire au Québec, nous vous apprendrons comment accéder aux professions enseignantes au Québec!","breadcrumb":{"@id":"https://lamaisonnee.org/fr/events/systeme-scolaire-quebec/#breadcrumb"},"inLanguage":"fr-FR","potentialAction":[{"@type":"ReadAction","target":["https://lamaisonnee.org/fr/events/systeme-scolaire-quebec/"]}]},{"@type":"BreadcrumbList","@id":"https://lamaisonnee.org/fr/events/systeme-scolaire-quebec/#breadcrumb","itemListElement":[{"@type":"ListItem","position":1,"name":"Accueil","item":"https://lamaisonnee.org/fr/"},{"@type":"ListItem","position":2,"name":"Les métiers de l&rsquo;enseignement au Québec"}]},{"@type":"WebSite","@id":"https://lamaisonnee.org/fr/#website","url":"https://lamaisonnee.org/fr/","name":"La Maisonnée","description":"Aide aux immigrants","potentialAction":[{"@type":"SearchAction","target":{"@type":"EntryPoint","urlTemplate":"https://lamaisonnee.org/fr/?s={search_term_string}"},"query-input":{"@type":"PropertyValueSpecification","valueRequired":true,"valueName":"search_term_string"}}],"inLanguage":"fr-FR"}]}</script>
<!-- / Yoast SEO plugin. -->

Les métiers de l'enseignement au Québec - La Maisonnée

Découvrez l'éducation et le système scolaire au Québec, nous vous apprendrons comment accéder aux professions enseignantes au Québec!

La Maisonnée
