{"id":3413,"date":"2023-08-23T15:31:14","date_gmt":"2023-08-23T19:31:14","guid":{"rendered":"https:\/\/lamaisonnee.org\/?post_type=events&#038;p=3413"},"modified":"2023-09-01T13:34:38","modified_gmt":"2023-09-01T17:34:38","slug":"exploration-du-quartier-villeray","status":"publish","type":"events","link":"https:\/\/lamaisonnee.org\/fr\/events\/exploration-du-quartier-villeray\/","title":{"rendered":"Exploration du quartier Villeray"},"template":"","meta":{"_acf_changed":false},"cat_events":[15],"class_list":["post-3413","events","type-events","status-publish","hentry","cat_events-francisation-et-loisirs"],"acf":{"intro":"Venez d\u00e9couvrir ou red\u00e9couvrir les diff\u00e9rents quartiers de Montr\u00e9al et leurs secrets ! Histoire, architecture, la visite r\u00e9servera plusieurs surprises...","type":"ponctuel","date":"20230909","horaire":"\u00c0 13h","place":"notonline","address":"Lieu\u00a0de rencontre : L\u2019information sera partag\u00e9e aux personnes inscrites seulement","price":"0","form":"","description":"<p>Vous \u00eates passionn\u00e9es d\u2019histoire\u00a0?\u00a0 d\u2019architecture?\u00a0 Inscrivez-vous pour d\u00e9couvrir ce quartier riche en histoire<\/p>\n<p>Activit\u00e9 en pr\u00e9sentielle gratuite !<\/p>\n<p>Lieu\u00a0de rencontre : L\u2019information sera partag\u00e9e aux personnes inscrites seulement<\/p>\n<p>Inscription sur le <a href=\"https:\/\/docs.google.com\/forms\/d\/e\/1FAIpQLScnwkJNwsaOSaoUETHYMscK8qCSiKvCyclA-FJX7XH6BNvdnQ\/viewform\">formulaire obligatoire ICI<\/a><\/p>\n<p>Seule.s les personnes s&rsquo;\u00e9tant inscrites sur le formulaire ci-joint seront contact\u00e9es pour confirmer leurs inscriptions.<\/p>\n<p>Pour plus de renseignements veuillez contacter : Julien Fortier-Auclair au 514 271 3533 ou bien \u00e0 <a href=\"mailto:julien.fortier-auclair@lamaisonnee.org\">julien.fortier-auclair@lamaisonnee.org<\/a><\/p>\n","admi":false,"equipment":"","image":"https:\/\/lamaisonnee.org\/wp-content\/uploads\/2023\/08\/363486399_254396617443513_4424866522662170923_n-1.jpg","level":false,"service":"https:\/\/lamaisonnee.org\/fr\/services\/soutien-scolaire-familial-camp-de-jour\/"},"yoast_head":"<!-- This site is optimized with the Yoast SEO plugin v26.4 - https:\/\/yoast.com\/wordpress\/plugins\/seo\/ -->\n<title>Exploration du quartier Villeray - La Maisonn\u00e9e<\/title>\n<meta name=\"robots\" content=\"index, follow, max-snippet:-1, max-image-preview:large, max-video-preview:-1\" \/>\n<link rel=\"canonical\" href=\"https:\/\/lamaisonnee.org\/fr\/events\/exploration-du-quartier-villeray\/\" \/>\n<meta property=\"og:locale\" content=\"fr_FR\" \/>\n<meta property=\"og:type\" content=\"article\" \/>\n<meta property=\"og:title\" content=\"Exploration du quartier Villeray - La Maisonn\u00e9e\" \/>\n<meta property=\"og:url\" content=\"https:\/\/lamaisonnee.org\/fr\/events\/exploration-du-quartier-villeray\/\" \/>\n<meta property=\"og:site_name\" content=\"La Maisonn\u00e9e\" \/>\n<meta property=\"article:modified_time\" content=\"2023-09-01T17:34:38+00:00\" \/>\n<meta name=\"twitter:card\" content=\"summary_large_image\" \/>\n<script type=\"application\/ld+json\" class=\"yoast-schema-graph\">{\"@context\":\"https:\/\/schema.org\",\"@graph\":[{\"@type\":\"WebPage\",\"@id\":\"https:\/\/lamaisonnee.org\/fr\/events\/exploration-du-quartier-villeray\/\",\"url\":\"https:\/\/lamaisonnee.org\/fr\/events\/exploration-du-quartier-villeray\/\",\"name\":\"Exploration du quartier Villeray - La Maisonn\u00e9e\",\"isPartOf\":{\"@id\":\"https:\/\/lamaisonnee.org\/fr\/#website\"},\"datePublished\":\"2023-08-23T19:31:14+00:00\",\"dateModified\":\"2023-09-01T17:34:38+00:00\",\"breadcrumb\":{\"@id\":\"https:\/\/lamaisonnee.org\/fr\/events\/exploration-du-quartier-villeray\/#breadcrumb\"},\"inLanguage\":\"fr-FR\",\"potentialAction\":[{\"@type\":\"ReadAction\",\"target\":[\"https:\/\/lamaisonnee.org\/fr\/events\/exploration-du-quartier-villeray\/\"]}]},{\"@type\":\"BreadcrumbList\",\"@id\":\"https:\/\/lamaisonnee.org\/fr\/events\/exploration-du-quartier-villeray\/#breadcrumb\",\"itemListElement\":[{\"@type\":\"ListItem\",\"position\":1,\"name\":\"Accueil\",\"item\":\"https:\/\/lamaisonnee.org\/fr\/\"},{\"@type\":\"ListItem\",\"position\":2,\"name\":\"Exploration du quartier Villeray\"}]},{\"@type\":\"WebSite\",\"@id\":\"https:\/\/lamaisonnee.org\/fr\/#website\",\"url\":\"https:\/\/lamaisonnee.org\/fr\/\",\"name\":\"La Maisonn\u00e9e\",\"description\":\"Aide aux immigrants\",\"potentialAction\":[{\"@type\":\"SearchAction\",\"target\":{\"@type\":\"EntryPoint\",\"urlTemplate\":\"https:\/\/lamaisonnee.org\/fr\/?s={search_term_string}\"},\"query-input\":{\"@type\":\"PropertyValueSpecification\",\"valueRequired\":true,\"valueName\":\"search_term_string\"}}],\"inLanguage\":\"fr-FR\"}]}<\/script>\n<!-- \/ Yoast SEO plugin. -->","yoast_head_json":{"title":"Exploration du quartier Villeray - La Maisonn\u00e9e","robots":{"index":"index","follow":"follow","max-snippet":"max-snippet:-1","max-image-preview":"max-image-preview:large","max-video-preview":"max-video-preview:-1"},"canonical":"https:\/\/lamaisonnee.org\/fr\/events\/exploration-du-quartier-villeray\/","og_locale":"fr_FR","og_type":"article","og_title":"Exploration du quartier Villeray - La Maisonn\u00e9e","og_url":"https:\/\/lamaisonnee.org\/fr\/events\/exploration-du-quartier-villeray\/","og_site_name":"La Maisonn\u00e9e","article_modified_time":"2023-09-01T17:34:38+00:00","twitter_card":"summary_large_image","schema":{"@context":"https:\/\/schema.org","@graph":[{"@type":"WebPage","@id":"https:\/\/lamaisonnee.org\/fr\/events\/exploration-du-quartier-villeray\/","url":"https:\/\/lamaisonnee.org\/fr\/events\/exploration-du-quartier-villeray\/","name":"Exploration du quartier Villeray - La Maisonn\u00e9e","isPartOf":{"@id":"https:\/\/lamaisonnee.org\/fr\/#website"},"datePublished":"2023-08-23T19:31:14+00:00","dateModified":"2023-09-01T17:34:38+00:00","breadcrumb":{"@id":"https:\/\/lamaisonnee.org\/fr\/events\/exploration-du-quartier-villeray\/#breadcrumb"},"inLanguage":"fr-FR","potentialAction":[{"@type":"ReadAction","target":["https:\/\/lamaisonnee.org\/fr\/events\/exploration-du-quartier-villeray\/"]}]},{"@type":"BreadcrumbList","@id":"https:\/\/lamaisonnee.org\/fr\/events\/exploration-du-quartier-villeray\/#breadcrumb","itemListElement":[{"@type":"ListItem","position":1,"name":"Accueil","item":"https:\/\/lamaisonnee.org\/fr\/"},{"@type":"ListItem","position":2,"name":"Exploration du quartier Villeray"}]},{"@type":"WebSite","@id":"https:\/\/lamaisonnee.org\/fr\/#website","url":"https:\/\/lamaisonnee.org\/fr\/","name":"La Maisonn\u00e9e","description":"Aide aux immigrants","potentialAction":[{"@type":"SearchAction","target":{"@type":"EntryPoint","urlTemplate":"https:\/\/lamaisonnee.org\/fr\/?s={search_term_string}"},"query-input":{"@type":"PropertyValueSpecification","valueRequired":true,"valueName":"search_term_string"}}],"inLanguage":"fr-FR"}]}},"_links":{"self":[{"href":"https:\/\/lamaisonnee.org\/fr\/wp-json\/wp\/v2\/events\/3413","targetHints":{"allow":["GET"]}}],"collection":[{"href":"https:\/\/lamaisonnee.org\/fr\/wp-json\/wp\/v2\/events"}],"about":[{"href":"https:\/\/lamaisonnee.org\/fr\/wp-json\/wp\/v2\/types\/events"}],"wp:attachment":[{"href":"https:\/\/lamaisonnee.org\/fr\/wp-json\/wp\/v2\/media?parent=3413"}],"wp:term":[{"taxonomy":"cat_events","embeddable":true,"href":"https:\/\/lamaisonnee.org\/fr\/wp-json\/wp\/v2\/cat_events?post=3413"}],"curies":[{"name":"wp","href":"https:\/\/api.w.org\/{rel}","templated":true}]}}

Venez découvrir ou redécouvrir les différents quartiers de Montréal et leurs secrets ! Histoire, architecture, la visite réservera plusieurs surprises...

À 13h

Lieu de rencontre : L’information sera partagée aux personnes inscrites seulement

<p>Vous êtes passionnées d’histoire ?  d’architecture?  Inscrivez-vous pour découvrir ce quartier riche en histoire</p>
<p>Activité en présentielle gratuite !</p>
<p>Lieu de rencontre : L’information sera partagée aux personnes inscrites seulement</p>
<p>Inscription sur le <a href="https://docs.google.com/forms/d/e/1FAIpQLScnwkJNwsaOSaoUETHYMscK8qCSiKvCyclA-FJX7XH6BNvdnQ/viewform">formulaire obligatoire ICI</a></p>
<p>Seule.s les personnes s&rsquo;étant inscrites sur le formulaire ci-joint seront contactées pour confirmer leurs inscriptions.</p>
<p>Pour plus de renseignements veuillez contacter : Julien Fortier-Auclair au 514 271 3533 ou bien à <a href="mailto:julien.fortier-auclair@lamaisonnee.org">julien.fortier-auclair@lamaisonnee.org</a></p>

<!-- This site is optimized with the Yoast SEO plugin v26.4 - https://yoast.com/wordpress/plugins/seo/ -->
<title>Exploration du quartier Villeray - La Maisonnée</title>
<meta name="robots" content="index, follow, max-snippet:-1, max-image-preview:large, max-video-preview:-1" />
<link rel="canonical" href="https://lamaisonnee.org/fr/events/exploration-du-quartier-villeray/" />
<meta property="og:locale" content="fr_FR" />
<meta property="og:type" content="article" />
<meta property="og:title" content="Exploration du quartier Villeray - La Maisonnée" />
<meta property="og:url" content="https://lamaisonnee.org/fr/events/exploration-du-quartier-villeray/" />
<meta property="og:site_name" content="La Maisonnée" />
<meta property="article:modified_time" content="2023-09-01T17:34:38+00:00" />
<meta name="twitter:card" content="summary_large_image" />
<script type="application/ld+json" class="yoast-schema-graph">{"@context":"https://schema.org","@graph":[{"@type":"WebPage","@id":"https://lamaisonnee.org/fr/events/exploration-du-quartier-villeray/","url":"https://lamaisonnee.org/fr/events/exploration-du-quartier-villeray/","name":"Exploration du quartier Villeray - La Maisonnée","isPartOf":{"@id":"https://lamaisonnee.org/fr/#website"},"datePublished":"2023-08-23T19:31:14+00:00","dateModified":"2023-09-01T17:34:38+00:00","breadcrumb":{"@id":"https://lamaisonnee.org/fr/events/exploration-du-quartier-villeray/#breadcrumb"},"inLanguage":"fr-FR","potentialAction":[{"@type":"ReadAction","target":["https://lamaisonnee.org/fr/events/exploration-du-quartier-villeray/"]}]},{"@type":"BreadcrumbList","@id":"https://lamaisonnee.org/fr/events/exploration-du-quartier-villeray/#breadcrumb","itemListElement":[{"@type":"ListItem","position":1,"name":"Accueil","item":"https://lamaisonnee.org/fr/"},{"@type":"ListItem","position":2,"name":"Exploration du quartier Villeray"}]},{"@type":"WebSite","@id":"https://lamaisonnee.org/fr/#website","url":"https://lamaisonnee.org/fr/","name":"La Maisonnée","description":"Aide aux immigrants","potentialAction":[{"@type":"SearchAction","target":{"@type":"EntryPoint","urlTemplate":"https://lamaisonnee.org/fr/?s={search_term_string}"},"query-input":{"@type":"PropertyValueSpecification","valueRequired":true,"valueName":"search_term_string"}}],"inLanguage":"fr-FR"}]}</script>
<!-- / Yoast SEO plugin. -->

Exploration du quartier Villeray - La Maisonnée

La Maisonnée
