{"id":148812,"date":"2025-09-11T10:13:47","date_gmt":"2025-09-11T14:13:47","guid":{"rendered":"https:\/\/lamaisonnee.org\/?post_type=events&#038;p=148812"},"modified":"2025-09-19T12:59:27","modified_gmt":"2025-09-19T16:59:27","slug":"journees-de-la-paix-2025","status":"publish","type":"events","link":"https:\/\/lamaisonnee.org\/fr\/events\/journees-de-la-paix-2025\/","title":{"rendered":"Journ\u00e9es de la paix 2025"},"template":"","meta":{"_acf_changed":false},"cat_events":[28,24,15,23,51],"class_list":["post-148812","events","type-events","status-publish","hentry","cat_events-aide-a-lemploi","cat_events-aide-aux-devoirs-et-benevolat","cat_events-francisation-et-loisirs","cat_events-immigration-installation","cat_events-volet-jeunesse"],"acf":{"intro":"Dans un monde marqu\u00e9 par la mobilit\u00e9 et la diversit\u00e9 culturelle, l\u2019int\u00e9gration des nouveaux arrivants constitue un enjeu central pour la coh\u00e9sion sociale. Cette c\u00e9l\u00e9bration des journ\u00e9es de la paix est une occasion de partager ensemble un moment convivial et plein de sens !","type":"ponctuel","date":"20250925","horaire":"\u00e0 partir de 16h","place":"notonline","address":"La Maisonn\u00e9e, 6865 Ave. Chrsitophe Colomb, Montr\u00e9al QC","price":"0","form":"","show_form":true,"description":"<h1 class=\"mec-single-title\">Visionnement de film et forum de discussion<\/h1>\n<div class=\"mec-single-event-description mec-events-content\">\n<div class=\"mec-single-event-description mec-events-content fes-desc\">\n<p class=\"fes-single-event-desc\">L&rsquo;activit\u00e9 a pour objectif d&rsquo;aborder l\u2019exp\u00e9rience des nouveaux arrivants et les d\u00e9fis rencontr\u00e9s dans leur parcours d\u2019immigration, ainsi que les rapports interculturels, afin de sensibiliser la soci\u00e9t\u00e9 d\u2019accueil aux enjeux v\u00e9cus. Elle vise \u00e9galement \u00e0 permettre aux jeunes nouveaux arrivants de se sentir reconnus, tout en leur offrant l\u2019occasion de t\u00e9moigner de leurs propres exp\u00e9riences et de s\u2019inspirer des parcours et des r\u00e9ussites de ceux qui ont franchi ces \u00e9tapes avant eux. La th\u00e9matique principale abordera les rapports interculturels et l\u2019int\u00e9gration, en mettant en lumi\u00e8re les d\u00e9fis et les opportunit\u00e9s qu\u2019ils repr\u00e9sentent pour les jeunes nouveaux arrivants et la soci\u00e9t\u00e9 d\u2019accueil.<\/p>\n<p>&nbsp;<\/p>\n<p>D\u00e9roulement :<\/p>\n<ul>\n<li>16h : Accueil et partage (nourriture, bouch\u00e9es offertes, etc.)<\/li>\n<li>16h30 : Pr\u00e9sentation et discussion avec le CLRD<\/li>\n<li>17h : Visionnement du Film<\/li>\n<li>18h30 : Discussion et activit\u00e9<\/li>\n<\/ul>\n<p>&nbsp;<\/p>\n<p>Pour vous inscrire :<\/p>\n<\/div>\n<\/div>\n<p class=\"btn-text\"><a href=\"https:\/\/forms.cloud.microsoft\/Pages\/ResponsePage.aspx?id=0YFEzUroMUqfJ_oQKyuskUjTNihLp_FHp_Y_5__zPWBUMEw2SzNUSzQzTlVYR1ZVOFVLMkFNV0JONC4u\" target=\"_blank\" rel=\"noopener\">CLIQUEZ ICI<\/a><\/p>\n<p>Pour avoir plus de renseignements vous pouvez contacter :<\/p>\n<p>Antonio Aranibar au 514 271 3533 poste 211 ou par courriel <a href=\"mailto:antonio.aranibar@lamaisonnee.org\" target=\"_blank\" rel=\"noopener\">antonio.aranibar@lamaisonnee.org\u00a0<\/a><\/p>\n<p>Page de l&rsquo;\u00e9v\u00e8nement : <a href=\"https:\/\/journeesdelapaix.com\/events\/visionnement-de-film-et-forum-de-discussion\/\" target=\"_blank\" rel=\"noopener\">https:\/\/journeesdelapaix.com\/events\/visionnement-de-film-et-forum-de-discussion\/\u00a0<\/a><\/p>\n","admi":false,"equipment":"","image":"https:\/\/lamaisonnee.org\/wp-content\/uploads\/2025\/09\/journees-de-la-paix-2025-projection-de-film-le-25-octobre-a-16h.png","level":false,"service":""},"yoast_head":"<!-- This site is optimized with the Yoast SEO plugin v26.4 - https:\/\/yoast.com\/wordpress\/plugins\/seo\/ -->\n<title>Journ\u00e9es de la paix 2025 - La Maisonn\u00e9e<\/title>\n<meta name=\"robots\" content=\"index, follow, max-snippet:-1, max-image-preview:large, max-video-preview:-1\" \/>\n<link rel=\"canonical\" href=\"https:\/\/lamaisonnee.org\/fr\/events\/journees-de-la-paix-2025\/\" \/>\n<meta property=\"og:locale\" content=\"fr_FR\" \/>\n<meta property=\"og:type\" content=\"article\" \/>\n<meta property=\"og:title\" content=\"Journ\u00e9es de la paix 2025 - La Maisonn\u00e9e\" \/>\n<meta property=\"og:url\" content=\"https:\/\/lamaisonnee.org\/fr\/events\/journees-de-la-paix-2025\/\" \/>\n<meta property=\"og:site_name\" content=\"La Maisonn\u00e9e\" \/>\n<meta property=\"article:modified_time\" content=\"2025-09-19T16:59:27+00:00\" \/>\n<meta name=\"twitter:card\" content=\"summary_large_image\" \/>\n<script type=\"application\/ld+json\" class=\"yoast-schema-graph\">{\"@context\":\"https:\/\/schema.org\",\"@graph\":[{\"@type\":\"WebPage\",\"@id\":\"https:\/\/lamaisonnee.org\/fr\/events\/journees-de-la-paix-2025\/\",\"url\":\"https:\/\/lamaisonnee.org\/fr\/events\/journees-de-la-paix-2025\/\",\"name\":\"Journ\u00e9es de la paix 2025 - La Maisonn\u00e9e\",\"isPartOf\":{\"@id\":\"https:\/\/lamaisonnee.org\/fr\/#website\"},\"datePublished\":\"2025-09-11T14:13:47+00:00\",\"dateModified\":\"2025-09-19T16:59:27+00:00\",\"breadcrumb\":{\"@id\":\"https:\/\/lamaisonnee.org\/fr\/events\/journees-de-la-paix-2025\/#breadcrumb\"},\"inLanguage\":\"fr-FR\",\"potentialAction\":[{\"@type\":\"ReadAction\",\"target\":[\"https:\/\/lamaisonnee.org\/fr\/events\/journees-de-la-paix-2025\/\"]}]},{\"@type\":\"BreadcrumbList\",\"@id\":\"https:\/\/lamaisonnee.org\/fr\/events\/journees-de-la-paix-2025\/#breadcrumb\",\"itemListElement\":[{\"@type\":\"ListItem\",\"position\":1,\"name\":\"Accueil\",\"item\":\"https:\/\/lamaisonnee.org\/fr\/\"},{\"@type\":\"ListItem\",\"position\":2,\"name\":\"Journ\u00e9es de la paix 2025\"}]},{\"@type\":\"WebSite\",\"@id\":\"https:\/\/lamaisonnee.org\/fr\/#website\",\"url\":\"https:\/\/lamaisonnee.org\/fr\/\",\"name\":\"La Maisonn\u00e9e\",\"description\":\"Aide aux immigrants\",\"potentialAction\":[{\"@type\":\"SearchAction\",\"target\":{\"@type\":\"EntryPoint\",\"urlTemplate\":\"https:\/\/lamaisonnee.org\/fr\/?s={search_term_string}\"},\"query-input\":{\"@type\":\"PropertyValueSpecification\",\"valueRequired\":true,\"valueName\":\"search_term_string\"}}],\"inLanguage\":\"fr-FR\"}]}<\/script>\n<!-- \/ Yoast SEO plugin. -->","yoast_head_json":{"title":"Journ\u00e9es de la paix 2025 - La Maisonn\u00e9e","robots":{"index":"index","follow":"follow","max-snippet":"max-snippet:-1","max-image-preview":"max-image-preview:large","max-video-preview":"max-video-preview:-1"},"canonical":"https:\/\/lamaisonnee.org\/fr\/events\/journees-de-la-paix-2025\/","og_locale":"fr_FR","og_type":"article","og_title":"Journ\u00e9es de la paix 2025 - La Maisonn\u00e9e","og_url":"https:\/\/lamaisonnee.org\/fr\/events\/journees-de-la-paix-2025\/","og_site_name":"La Maisonn\u00e9e","article_modified_time":"2025-09-19T16:59:27+00:00","twitter_card":"summary_large_image","schema":{"@context":"https:\/\/schema.org","@graph":[{"@type":"WebPage","@id":"https:\/\/lamaisonnee.org\/fr\/events\/journees-de-la-paix-2025\/","url":"https:\/\/lamaisonnee.org\/fr\/events\/journees-de-la-paix-2025\/","name":"Journ\u00e9es de la paix 2025 - La Maisonn\u00e9e","isPartOf":{"@id":"https:\/\/lamaisonnee.org\/fr\/#website"},"datePublished":"2025-09-11T14:13:47+00:00","dateModified":"2025-09-19T16:59:27+00:00","breadcrumb":{"@id":"https:\/\/lamaisonnee.org\/fr\/events\/journees-de-la-paix-2025\/#breadcrumb"},"inLanguage":"fr-FR","potentialAction":[{"@type":"ReadAction","target":["https:\/\/lamaisonnee.org\/fr\/events\/journees-de-la-paix-2025\/"]}]},{"@type":"BreadcrumbList","@id":"https:\/\/lamaisonnee.org\/fr\/events\/journees-de-la-paix-2025\/#breadcrumb","itemListElement":[{"@type":"ListItem","position":1,"name":"Accueil","item":"https:\/\/lamaisonnee.org\/fr\/"},{"@type":"ListItem","position":2,"name":"Journ\u00e9es de la paix 2025"}]},{"@type":"WebSite","@id":"https:\/\/lamaisonnee.org\/fr\/#website","url":"https:\/\/lamaisonnee.org\/fr\/","name":"La Maisonn\u00e9e","description":"Aide aux immigrants","potentialAction":[{"@type":"SearchAction","target":{"@type":"EntryPoint","urlTemplate":"https:\/\/lamaisonnee.org\/fr\/?s={search_term_string}"},"query-input":{"@type":"PropertyValueSpecification","valueRequired":true,"valueName":"search_term_string"}}],"inLanguage":"fr-FR"}]}},"_links":{"self":[{"href":"https:\/\/lamaisonnee.org\/fr\/wp-json\/wp\/v2\/events\/148812","targetHints":{"allow":["GET"]}}],"collection":[{"href":"https:\/\/lamaisonnee.org\/fr\/wp-json\/wp\/v2\/events"}],"about":[{"href":"https:\/\/lamaisonnee.org\/fr\/wp-json\/wp\/v2\/types\/events"}],"wp:attachment":[{"href":"https:\/\/lamaisonnee.org\/fr\/wp-json\/wp\/v2\/media?parent=148812"}],"wp:term":[{"taxonomy":"cat_events","embeddable":true,"href":"https:\/\/lamaisonnee.org\/fr\/wp-json\/wp\/v2\/cat_events?post=148812"}],"curies":[{"name":"wp","href":"https:\/\/api.w.org\/{rel}","templated":true}]}}

Journées de la paix 2025

Dans un monde marqué par la mobilité et la diversité culturelle, l’intégration des nouveaux arrivants constitue un enjeu central pour la cohésion sociale. Cette célébration des journées de la paix est une occasion de partager ensemble un moment convivial et plein de sens !

à partir de 16h

La Maisonnée, 6865 Ave. Chrsitophe Colomb, Montréal QC

<h1 class="mec-single-title">Visionnement de film et forum de discussion</h1>
<div class="mec-single-event-description mec-events-content">
<div class="mec-single-event-description mec-events-content fes-desc">
<p class="fes-single-event-desc">L&rsquo;activité a pour objectif d&rsquo;aborder l’expérience des nouveaux arrivants et les défis rencontrés dans leur parcours d’immigration, ainsi que les rapports interculturels, afin de sensibiliser la société d’accueil aux enjeux vécus. Elle vise également à permettre aux jeunes nouveaux arrivants de se sentir reconnus, tout en leur offrant l’occasion de témoigner de leurs propres expériences et de s’inspirer des parcours et des réussites de ceux qui ont franchi ces étapes avant eux. La thématique principale abordera les rapports interculturels et l’intégration, en mettant en lumière les défis et les opportunités qu’ils représentent pour les jeunes nouveaux arrivants et la société d’accueil.</p>
<p>&nbsp;</p>
<p>Déroulement :</p>
<ul>
<li>16h : Accueil et partage (nourriture, bouchées offertes, etc.)</li>
<li>16h30 : Présentation et discussion avec le CLRD</li>
<li>17h : Visionnement du Film</li>
<li>18h30 : Discussion et activité</li>
</ul>
<p>&nbsp;</p>
<p>Pour vous inscrire :</p>
</div>
</div>
<p class="btn-text"><a href="https://forms.cloud.microsoft/Pages/ResponsePage.aspx?id=0YFEzUroMUqfJ_oQKyuskUjTNihLp_FHp_Y_5__zPWBUMEw2SzNUSzQzTlVYR1ZVOFVLMkFNV0JONC4u" target="_blank" rel="noopener">CLIQUEZ ICI</a></p>
<p>Pour avoir plus de renseignements vous pouvez contacter :</p>
<p>Antonio Aranibar au 514 271 3533 poste 211 ou par courriel <a href="mailto:antonio.aranibar@lamaisonnee.org" target="_blank" rel="noopener">antonio.aranibar@lamaisonnee.org </a></p>
<p>Page de l&rsquo;évènement : <a href="https://journeesdelapaix.com/events/visionnement-de-film-et-forum-de-discussion/" target="_blank" rel="noopener">https://journeesdelapaix.com/events/visionnement-de-film-et-forum-de-discussion/ </a></p>

<!-- This site is optimized with the Yoast SEO plugin v26.4 - https://yoast.com/wordpress/plugins/seo/ -->
<title>Journées de la paix 2025 - La Maisonnée</title>
<meta name="robots" content="index, follow, max-snippet:-1, max-image-preview:large, max-video-preview:-1" />
<link rel="canonical" href="https://lamaisonnee.org/fr/events/journees-de-la-paix-2025/" />
<meta property="og:locale" content="fr_FR" />
<meta property="og:type" content="article" />
<meta property="og:title" content="Journées de la paix 2025 - La Maisonnée" />
<meta property="og:url" content="https://lamaisonnee.org/fr/events/journees-de-la-paix-2025/" />
<meta property="og:site_name" content="La Maisonnée" />
<meta property="article:modified_time" content="2025-09-19T16:59:27+00:00" />
<meta name="twitter:card" content="summary_large_image" />
<script type="application/ld+json" class="yoast-schema-graph">{"@context":"https://schema.org","@graph":[{"@type":"WebPage","@id":"https://lamaisonnee.org/fr/events/journees-de-la-paix-2025/","url":"https://lamaisonnee.org/fr/events/journees-de-la-paix-2025/","name":"Journées de la paix 2025 - La Maisonnée","isPartOf":{"@id":"https://lamaisonnee.org/fr/#website"},"datePublished":"2025-09-11T14:13:47+00:00","dateModified":"2025-09-19T16:59:27+00:00","breadcrumb":{"@id":"https://lamaisonnee.org/fr/events/journees-de-la-paix-2025/#breadcrumb"},"inLanguage":"fr-FR","potentialAction":[{"@type":"ReadAction","target":["https://lamaisonnee.org/fr/events/journees-de-la-paix-2025/"]}]},{"@type":"BreadcrumbList","@id":"https://lamaisonnee.org/fr/events/journees-de-la-paix-2025/#breadcrumb","itemListElement":[{"@type":"ListItem","position":1,"name":"Accueil","item":"https://lamaisonnee.org/fr/"},{"@type":"ListItem","position":2,"name":"Journées de la paix 2025"}]},{"@type":"WebSite","@id":"https://lamaisonnee.org/fr/#website","url":"https://lamaisonnee.org/fr/","name":"La Maisonnée","description":"Aide aux immigrants","potentialAction":[{"@type":"SearchAction","target":{"@type":"EntryPoint","urlTemplate":"https://lamaisonnee.org/fr/?s={search_term_string}"},"query-input":{"@type":"PropertyValueSpecification","valueRequired":true,"valueName":"search_term_string"}}],"inLanguage":"fr-FR"}]}</script>
<!-- / Yoast SEO plugin. -->

Journées de la paix 2025 - La Maisonnée

La Maisonnée
