{"id":146138,"date":"2025-05-29T13:36:55","date_gmt":"2025-05-29T17:36:55","guid":{"rendered":"https:\/\/lamaisonnee.org\/?post_type=events&#038;p=146138"},"modified":"2025-05-30T17:45:14","modified_gmt":"2025-05-30T21:45:14","slug":"nuevo-comienzo-en-quebec-camino-hacia-la-integracion-completa","status":"publish","type":"events","link":"https:\/\/lamaisonnee.org\/fr\/events\/nuevo-comienzo-en-quebec-camino-hacia-la-integracion-completa\/","title":{"rendered":"Nuevo comienzo en Qu\u00e9bec, camino hacia la integracion completa &#8211; 11 juin"},"template":"","meta":{"_acf_changed":false},"cat_events":[28],"class_list":["post-146138","events","type-events","status-publish","hentry","cat_events-aide-a-lemploi"],"acf":{"intro":"\ud83c\uddeb\ud83c\uddf7 Conf\u00e9rence gratuite \u2013 Nouveau d\u00e9part au Qu\u00e9bec : vers une int\u00e9gration r\u00e9ussie\r\n\ud83d\udc49 Veuillez noter que l\u2019information est \u00e9galement disponible plus bas en espagnol.\r\n\ud83c\uddea\ud83c\uddf8 Conferencia gratuita \u2013 Nuevo comienzo en Qu\u00e9bec, camino hacia la integracion completa.","type":"ponctuel","date":"20250611","horaire":"\u00e0 17h ","place":"online","price":"0","show_form":false,"description":"<h3 data-start=\"201\" data-end=\"265\">\u00ab\u00a0Nouveau d\u00e9part au Qu\u00e9bec : vers une int\u00e9gration r\u00e9ussie<strong data-start=\"267\" data-end=\"335\">\u00ab\u00a0<\/strong> est un atelier offert en espagnol, con\u00e7u sp\u00e9cialement pour les personnes nouvellement arriv\u00e9es. Il vise \u00e0 fournir des outils concrets, des ressources utiles et un espace d\u2019\u00e9change pour mieux comprendre la soci\u00e9t\u00e9 qu\u00e9b\u00e9coise et amorcer une int\u00e9gration pleine et sereine.<\/h3>\n<p data-start=\"607\" data-end=\"773\">\ud83d\udd39 Comprendre les services disponibles<br data-start=\"645\" data-end=\"648\" \/>\ud83d\udd39 Conna\u00eetre vos droits et responsabilit\u00e9s<br data-start=\"690\" data-end=\"693\" \/>\ud83d\udd39 Favoriser l\u2019autonomie et la confiance<br data-start=\"733\" data-end=\"736\" \/>\ud83d\udd39 Cr\u00e9er des liens dans la communaut\u00e9<\/p>\n<p data-start=\"775\" data-end=\"914\">\u27a1\ufe0f Atelier <strong data-start=\"786\" data-end=\"797\">gratuit<\/strong>, en espagnol. Inscription obligatoire.<br data-start=\"836\" data-end=\"839\" \/>Rejoignez-nous pour b\u00e2tir votre avenir au Qu\u00e9bec avec confiance et soutien !<\/p>\n<p data-start=\"192\" data-end=\"518\"><strong data-start=\"192\" data-end=\"260\">\u00ab\u00a0Nuevo comienzo en Qu\u00e9bec, camino hacia la integraci\u00f3n completa\u00a0\u00bb<\/strong> es un taller ofrecido en espa\u00f1ol, dise\u00f1ado especialmente para personas reci\u00e9n llegadas. Ofrece herramientas pr\u00e1cticas, recursos esenciales y un espacio acogedor para comprender mejor la sociedad quebequense e iniciar tu proceso de integraci\u00f3n con confianza.<\/p>\n<p data-start=\"520\" data-end=\"685\">\ud83d\udd39 Conoce los servicios disponibles<br data-start=\"555\" data-end=\"558\" \/>\ud83d\udd39 Inf\u00f3rmate sobre tus derechos y responsabilidades<br data-start=\"609\" data-end=\"612\" \/>\ud83d\udd39 Desarrolla autonom\u00eda y confianza<br data-start=\"647\" data-end=\"650\" \/>\ud83d\udd39 Con\u00e9ctate con tu nueva comunidad<\/p>\n<p data-start=\"687\" data-end=\"840\">\u27a1\ufe0f Este taller es <strong data-start=\"705\" data-end=\"717\">gratuito<\/strong> y se imparte en espa\u00f1ol. Inscripci\u00f3n obligatoria.<br data-start=\"767\" data-end=\"770\" \/>\u00a1Acomp\u00e1\u00f1anos y da los primeros pasos hacia un futuro s\u00f3lido en Quebec !<\/p>\n<p>Atelier offert en aprtenariat avec le consulat de colombie* Taller ofrecido en colaboraci\u00f3n con el Consulado de Colombia*<\/p>\n","admi":false,"equipment":"","image":"https:\/\/lamaisonnee.org\/wp-content\/uploads\/2025\/05\/pexels-juan-pablo-lancia-286674488-24601888-scaled.jpg","level":false,"service":"","form":""},"yoast_head":"<!-- This site is optimized with the Yoast SEO plugin v26.4 - https:\/\/yoast.com\/wordpress\/plugins\/seo\/ -->\n<title>Nuevo comienzo en Qu\u00e9bec, camino hacia la integracion completa - 11 juin - La Maisonn\u00e9e<\/title>\n<meta name=\"robots\" content=\"index, follow, max-snippet:-1, max-image-preview:large, max-video-preview:-1\" \/>\n<link rel=\"canonical\" href=\"https:\/\/lamaisonnee.org\/fr\/events\/nuevo-comienzo-en-quebec-camino-hacia-la-integracion-completa\/\" \/>\n<meta property=\"og:locale\" content=\"fr_FR\" \/>\n<meta property=\"og:type\" content=\"article\" \/>\n<meta property=\"og:title\" content=\"Nuevo comienzo en Qu\u00e9bec, camino hacia la integracion completa - 11 juin - La Maisonn\u00e9e\" \/>\n<meta property=\"og:url\" content=\"https:\/\/lamaisonnee.org\/fr\/events\/nuevo-comienzo-en-quebec-camino-hacia-la-integracion-completa\/\" \/>\n<meta property=\"og:site_name\" content=\"La Maisonn\u00e9e\" \/>\n<meta property=\"article:modified_time\" content=\"2025-05-30T21:45:14+00:00\" \/>\n<meta name=\"twitter:card\" content=\"summary_large_image\" \/>\n<script type=\"application\/ld+json\" class=\"yoast-schema-graph\">{\"@context\":\"https:\/\/schema.org\",\"@graph\":[{\"@type\":\"WebPage\",\"@id\":\"https:\/\/lamaisonnee.org\/fr\/events\/nuevo-comienzo-en-quebec-camino-hacia-la-integracion-completa\/\",\"url\":\"https:\/\/lamaisonnee.org\/fr\/events\/nuevo-comienzo-en-quebec-camino-hacia-la-integracion-completa\/\",\"name\":\"Nuevo comienzo en Qu\u00e9bec, camino hacia la integracion completa - 11 juin - La Maisonn\u00e9e\",\"isPartOf\":{\"@id\":\"https:\/\/lamaisonnee.org\/fr\/#website\"},\"datePublished\":\"2025-05-29T17:36:55+00:00\",\"dateModified\":\"2025-05-30T21:45:14+00:00\",\"breadcrumb\":{\"@id\":\"https:\/\/lamaisonnee.org\/fr\/events\/nuevo-comienzo-en-quebec-camino-hacia-la-integracion-completa\/#breadcrumb\"},\"inLanguage\":\"fr-FR\",\"potentialAction\":[{\"@type\":\"ReadAction\",\"target\":[\"https:\/\/lamaisonnee.org\/fr\/events\/nuevo-comienzo-en-quebec-camino-hacia-la-integracion-completa\/\"]}]},{\"@type\":\"BreadcrumbList\",\"@id\":\"https:\/\/lamaisonnee.org\/fr\/events\/nuevo-comienzo-en-quebec-camino-hacia-la-integracion-completa\/#breadcrumb\",\"itemListElement\":[{\"@type\":\"ListItem\",\"position\":1,\"name\":\"Accueil\",\"item\":\"https:\/\/lamaisonnee.org\/fr\/\"},{\"@type\":\"ListItem\",\"position\":2,\"name\":\"Nuevo comienzo en Qu\u00e9bec, camino hacia la integracion completa &#8211; 11 juin\"}]},{\"@type\":\"WebSite\",\"@id\":\"https:\/\/lamaisonnee.org\/fr\/#website\",\"url\":\"https:\/\/lamaisonnee.org\/fr\/\",\"name\":\"La Maisonn\u00e9e\",\"description\":\"Aide aux immigrants\",\"potentialAction\":[{\"@type\":\"SearchAction\",\"target\":{\"@type\":\"EntryPoint\",\"urlTemplate\":\"https:\/\/lamaisonnee.org\/fr\/?s={search_term_string}\"},\"query-input\":{\"@type\":\"PropertyValueSpecification\",\"valueRequired\":true,\"valueName\":\"search_term_string\"}}],\"inLanguage\":\"fr-FR\"}]}<\/script>\n<!-- \/ Yoast SEO plugin. -->","yoast_head_json":{"title":"Nuevo comienzo en Qu\u00e9bec, camino hacia la integracion completa - 11 juin - La Maisonn\u00e9e","robots":{"index":"index","follow":"follow","max-snippet":"max-snippet:-1","max-image-preview":"max-image-preview:large","max-video-preview":"max-video-preview:-1"},"canonical":"https:\/\/lamaisonnee.org\/fr\/events\/nuevo-comienzo-en-quebec-camino-hacia-la-integracion-completa\/","og_locale":"fr_FR","og_type":"article","og_title":"Nuevo comienzo en Qu\u00e9bec, camino hacia la integracion completa - 11 juin - La Maisonn\u00e9e","og_url":"https:\/\/lamaisonnee.org\/fr\/events\/nuevo-comienzo-en-quebec-camino-hacia-la-integracion-completa\/","og_site_name":"La Maisonn\u00e9e","article_modified_time":"2025-05-30T21:45:14+00:00","twitter_card":"summary_large_image","schema":{"@context":"https:\/\/schema.org","@graph":[{"@type":"WebPage","@id":"https:\/\/lamaisonnee.org\/fr\/events\/nuevo-comienzo-en-quebec-camino-hacia-la-integracion-completa\/","url":"https:\/\/lamaisonnee.org\/fr\/events\/nuevo-comienzo-en-quebec-camino-hacia-la-integracion-completa\/","name":"Nuevo comienzo en Qu\u00e9bec, camino hacia la integracion completa - 11 juin - La Maisonn\u00e9e","isPartOf":{"@id":"https:\/\/lamaisonnee.org\/fr\/#website"},"datePublished":"2025-05-29T17:36:55+00:00","dateModified":"2025-05-30T21:45:14+00:00","breadcrumb":{"@id":"https:\/\/lamaisonnee.org\/fr\/events\/nuevo-comienzo-en-quebec-camino-hacia-la-integracion-completa\/#breadcrumb"},"inLanguage":"fr-FR","potentialAction":[{"@type":"ReadAction","target":["https:\/\/lamaisonnee.org\/fr\/events\/nuevo-comienzo-en-quebec-camino-hacia-la-integracion-completa\/"]}]},{"@type":"BreadcrumbList","@id":"https:\/\/lamaisonnee.org\/fr\/events\/nuevo-comienzo-en-quebec-camino-hacia-la-integracion-completa\/#breadcrumb","itemListElement":[{"@type":"ListItem","position":1,"name":"Accueil","item":"https:\/\/lamaisonnee.org\/fr\/"},{"@type":"ListItem","position":2,"name":"Nuevo comienzo en Qu\u00e9bec, camino hacia la integracion completa &#8211; 11 juin"}]},{"@type":"WebSite","@id":"https:\/\/lamaisonnee.org\/fr\/#website","url":"https:\/\/lamaisonnee.org\/fr\/","name":"La Maisonn\u00e9e","description":"Aide aux immigrants","potentialAction":[{"@type":"SearchAction","target":{"@type":"EntryPoint","urlTemplate":"https:\/\/lamaisonnee.org\/fr\/?s={search_term_string}"},"query-input":{"@type":"PropertyValueSpecification","valueRequired":true,"valueName":"search_term_string"}}],"inLanguage":"fr-FR"}]}},"_links":{"self":[{"href":"https:\/\/lamaisonnee.org\/fr\/wp-json\/wp\/v2\/events\/146138","targetHints":{"allow":["GET"]}}],"collection":[{"href":"https:\/\/lamaisonnee.org\/fr\/wp-json\/wp\/v2\/events"}],"about":[{"href":"https:\/\/lamaisonnee.org\/fr\/wp-json\/wp\/v2\/types\/events"}],"wp:attachment":[{"href":"https:\/\/lamaisonnee.org\/fr\/wp-json\/wp\/v2\/media?parent=146138"}],"wp:term":[{"taxonomy":"cat_events","embeddable":true,"href":"https:\/\/lamaisonnee.org\/fr\/wp-json\/wp\/v2\/cat_events?post=146138"}],"curies":[{"name":"wp","href":"https:\/\/api.w.org\/{rel}","templated":true}]}}

Nuevo comienzo en Québec, camino hacia la integracion completa &#8211; 11 juin

🇫🇷 Conférence gratuite – Nouveau départ au Québec : vers une intégration réussie
👉 Veuillez noter que l’information est également disponible plus bas en espagnol.
🇪🇸 Conferencia gratuita – Nuevo comienzo en Québec, camino hacia la integracion completa.

à 17h

<h3 data-start="201" data-end="265">« Nouveau départ au Québec : vers une intégration réussie<strong data-start="267" data-end="335">« </strong> est un atelier offert en espagnol, conçu spécialement pour les personnes nouvellement arrivées. Il vise à fournir des outils concrets, des ressources utiles et un espace d’échange pour mieux comprendre la société québécoise et amorcer une intégration pleine et sereine.</h3>
<p data-start="607" data-end="773">🔹 Comprendre les services disponibles<br data-start="645" data-end="648" />🔹 Connaître vos droits et responsabilités<br data-start="690" data-end="693" />🔹 Favoriser l’autonomie et la confiance<br data-start="733" data-end="736" />🔹 Créer des liens dans la communauté</p>
<p data-start="775" data-end="914">➡️ Atelier <strong data-start="786" data-end="797">gratuit</strong>, en espagnol. Inscription obligatoire.<br data-start="836" data-end="839" />Rejoignez-nous pour bâtir votre avenir au Québec avec confiance et soutien !</p>
<p data-start="192" data-end="518"><strong data-start="192" data-end="260">« Nuevo comienzo en Québec, camino hacia la integración completa »</strong> es un taller ofrecido en español, diseñado especialmente para personas recién llegadas. Ofrece herramientas prácticas, recursos esenciales y un espacio acogedor para comprender mejor la sociedad quebequense e iniciar tu proceso de integración con confianza.</p>
<p data-start="520" data-end="685">🔹 Conoce los servicios disponibles<br data-start="555" data-end="558" />🔹 Infórmate sobre tus derechos y responsabilidades<br data-start="609" data-end="612" />🔹 Desarrolla autonomía y confianza<br data-start="647" data-end="650" />🔹 Conéctate con tu nueva comunidad</p>
<p data-start="687" data-end="840">➡️ Este taller es <strong data-start="705" data-end="717">gratuito</strong> y se imparte en español. Inscripción obligatoria.<br data-start="767" data-end="770" />¡Acompáñanos y da los primeros pasos hacia un futuro sólido en Quebec !</p>
<p>Atelier offert en aprtenariat avec le consulat de colombie* Taller ofrecido en colaboración con el Consulado de Colombia*</p>

<!-- This site is optimized with the Yoast SEO plugin v26.4 - https://yoast.com/wordpress/plugins/seo/ -->
<title>Nuevo comienzo en Québec, camino hacia la integracion completa - 11 juin - La Maisonnée</title>
<meta name="robots" content="index, follow, max-snippet:-1, max-image-preview:large, max-video-preview:-1" />
<link rel="canonical" href="https://lamaisonnee.org/fr/events/nuevo-comienzo-en-quebec-camino-hacia-la-integracion-completa/" />
<meta property="og:locale" content="fr_FR" />
<meta property="og:type" content="article" />
<meta property="og:title" content="Nuevo comienzo en Québec, camino hacia la integracion completa - 11 juin - La Maisonnée" />
<meta property="og:url" content="https://lamaisonnee.org/fr/events/nuevo-comienzo-en-quebec-camino-hacia-la-integracion-completa/" />
<meta property="og:site_name" content="La Maisonnée" />
<meta property="article:modified_time" content="2025-05-30T21:45:14+00:00" />
<meta name="twitter:card" content="summary_large_image" />
<script type="application/ld+json" class="yoast-schema-graph">{"@context":"https://schema.org","@graph":[{"@type":"WebPage","@id":"https://lamaisonnee.org/fr/events/nuevo-comienzo-en-quebec-camino-hacia-la-integracion-completa/","url":"https://lamaisonnee.org/fr/events/nuevo-comienzo-en-quebec-camino-hacia-la-integracion-completa/","name":"Nuevo comienzo en Québec, camino hacia la integracion completa - 11 juin - La Maisonnée","isPartOf":{"@id":"https://lamaisonnee.org/fr/#website"},"datePublished":"2025-05-29T17:36:55+00:00","dateModified":"2025-05-30T21:45:14+00:00","breadcrumb":{"@id":"https://lamaisonnee.org/fr/events/nuevo-comienzo-en-quebec-camino-hacia-la-integracion-completa/#breadcrumb"},"inLanguage":"fr-FR","potentialAction":[{"@type":"ReadAction","target":["https://lamaisonnee.org/fr/events/nuevo-comienzo-en-quebec-camino-hacia-la-integracion-completa/"]}]},{"@type":"BreadcrumbList","@id":"https://lamaisonnee.org/fr/events/nuevo-comienzo-en-quebec-camino-hacia-la-integracion-completa/#breadcrumb","itemListElement":[{"@type":"ListItem","position":1,"name":"Accueil","item":"https://lamaisonnee.org/fr/"},{"@type":"ListItem","position":2,"name":"Nuevo comienzo en Québec, camino hacia la integracion completa &#8211; 11 juin"}]},{"@type":"WebSite","@id":"https://lamaisonnee.org/fr/#website","url":"https://lamaisonnee.org/fr/","name":"La Maisonnée","description":"Aide aux immigrants","potentialAction":[{"@type":"SearchAction","target":{"@type":"EntryPoint","urlTemplate":"https://lamaisonnee.org/fr/?s={search_term_string}"},"query-input":{"@type":"PropertyValueSpecification","valueRequired":true,"valueName":"search_term_string"}}],"inLanguage":"fr-FR"}]}</script>
<!-- / Yoast SEO plugin. -->

Nuevo comienzo en Québec, camino hacia la integracion completa - 11 juin - La Maisonnée

La Maisonnée
